e r(0).
-37
Let c(k) be the third derivative of 2*k**5/15 + 7*k**4/3 + 11*k**3/6 + 119*k**2 - 6*k. Calculate c(-7).
11
Suppose 28 = 2*b + 2*b - x, 5*b + 4*x = 14. Suppose -5*q = -s - 3, s + q + b - 9 = 0. Let h(g) = -3*g**3 + 4*g**2 - 2*g. Determine h(s).
-12
Let u(y) = y**3 + 12*y**2 + 10*y + 83. Let w be u(-6). Let r = -240 + w. Let i(a) = 6*a**2 - a - 1. Give i(r).
6
Suppose 1 = -5*y - 4. Let n = -29 + 50. Let m(j) = 3 + 3*j - 2 - 2 - n*j. Give m(y).
17
Let g(o) = 51*o + 288. Let a be g(-6). Let h(d) = -d**3 - 19*d**2 - 20*d - 30. Give h(a).
6
Let v(u) = -u**3 - 5*u**2 + 5*u + 4. Let o = 1305 + -1310. Calculate v(o).
-21
Let f = 60 - 70. Let o be 15*4/18 + f/30. Let q(w) = -w**2 + 3*w - 3. Calculate q(o).
-3
Let a = -3550 - -3548. Let y(b) = 11*b**2 + 12*b + 2. Calculate y(a).
22
Let h(z) be the first derivative of z**4/4 + 13*z**3/3 - 9*z**2 - 58*z - 2107. Calculate h(-14).
-2
Let o = 14869 + -14846. Let l(a) = 3*a - 16. Calculate l(o).
53
Let n(c) be the first derivative of 4/3*c**3 - 5/2*c**2 - 1/4*c**4 + 2*c + 48. What is n(3)?
-4
Let p(c) = -6*c - 14. Let x(o) = 6*o + 13. Let u(n) = -4*p(n) - 3*x(n). Let y be u(-4). Let d(k) = 2*k + 8. Calculate d(y).
-6
Let k(c) be the first derivative of -c**4/4 + 11*c**3/3 - 5*c**2/2 + 27*c - 2286. Give k(11).
-28
Let n(c) = -3*c**3 - 5*c**2 + 6*c - 6. Suppose 0 = -3*j - 4 + 31. Let t(z) = -13*z**3 - 20*z**2 + 25*z - 25. Let v(a) = j*n(a) - 2*t(a). Give v(-6).
8
Let z(d) be the third derivative of d**4/8 - d**3/3 + 113*d**2. Let o(b) = -1. Let x(n) = 3*o(n) - z(n). Determine x(4).
-13
Let o(k) be the first derivative of k**3/3 + 9*k**2/2 + 9*k + 1007. Suppose 5*a - 7 + 27 = 0, -2*a = 2*m + 6. Let q = m + -8. What is o(q)?
-5
Let q(x) = -x**3 + 5*x**2 + 9*x - 19. Suppose 5*z - 11766 = -11736. What is q(z)?
-1
Let r(o) = 2*o**3 - o**2 - o + 1. Let j(n) = -94*n**2 + 0 - 14*n + 53*n**2 + 5*n**3 + 4 + 48*n**2 - 3. Let k(u) = j(u) - 3*r(u). Determine k(9).
-20
Let q(s) be the second derivative of -s**5/20 - s**3/6 + s**2 + 3*s. Let b be 0/(84/(-6) + 17). Determine q(b).
2
Let x(o) = 5*o - 32. Let r be x(6). Let a(u) = u**3 - 2*u**2 + 3*u - 2. Let k(m) = -m**3 + 3*m**2 - 6*m + 3. Let q(z) = -7*a(z) - 4*k(z). What is q(r)?
28
Let m(f) = -f**2 + 8. Let r(u) = 7*u**2 - 10*u - 39. Let g(h) = -6*m(h) - r(h). Let k be (36/(-15))/((6/(-20))/1). Determine g(k).
7
Let u = -8511 + 8513. Let m(o) = 11*o**3 - 2*o**2 - o. Determine m(u).
78
Let x(v) be the third derivative of -1/20*v**5 + 0*v + 3/8*v**4 + 4*v**2 + 0 - 5/2*v**3. Let p(y) = y**2 + 1. Let m(o) = -4*p(o) - x(o). Give m(-10).
1
Let w(m) be the first derivative of 4*m**3/3 - 11*m**2/2 - 12*m - 2993. Give w(-1).
3
Let m(g) = 4*g**3 - 11*g**2 - 5*g - 4. Let h(l) be the second derivative of -l**5/20 + l**4/12 + l**2/2 + 59*l. Let p(j) = -5*h(j) - m(j). Calculate p(-5).
-1
Let j(t) = 0*t**2 + 15*t**3 - 4*t**3 - 11*t**2 - 12*t**3. Let y be j(-11). Suppose y = -i - 2*i + 24. Let h(s) = s**2 - 9*s + 9. What is h(i)?
1
Let l(d) = d**3 + 6*d**2 + 7. Let h be ((-65)/39)/5*(-18)/(-2). What is l(h)?
34
Suppose 43*t + 312 = 46*t. Suppose 6*z + t = 10*z. Suppose -8 = 30*g - z*g. Let i(h) = h**2 - 2*h - 2. What is i(g)?
6
Let u(c) = -c**3 - 13*c**2 + 14*c + 4. Let o(x) = -7*x + 68. Let j be o(10). Let p be 2*1/j*14. Determine u(p).
4
Let m(a) = -a + 64 + 0*a - 2*a - 12. Let l(d) = -d + 17. Suppose -b = -5*n + 6*n + 11, -5*b - 19 = -4*n. Let i(y) = b*l(y) + 2*m(y). Give i(12).
-3
Let y(u) be the second derivative of -u**5/20 + u**4/12 + u**3/6 + 3*u**2/2 + u. Let n be ((-222)/15)/((-10)/25). Let b = -37 + n. Determine y(b).
3
Let n be -12*((-20)/6 - -1). Let s = 2411 - 2380. Let c = s - n. Let g(k) = -k**3 + 2*k**2 + 2. Determine g(c).
-7
Let h(l) = -2*l + 13. Let d be h(-11). Suppose -16*i = -5*j - 13*i + 29, 5*j - d = 5*i. Let a(z) = -z + 3. Give a(j).
-1
Let f(p) = -7*p - 38. Let a be f(-6). Let x(z) = 2*z**3 - 2*z**3 + 5*z - 4*z**2 - 1 - z**3 - a. Give x(-5).
-5
Let m(a) = -690*a + 699. Let r be m(1). Let y(v) = -v**3 + 9*v**2 - 6*v - 10. Determine y(r).
-64
Let m(y) be the third derivative of -y**4/12 + 17*y**3/6 + 677*y**2. Let z = -7 - -13. Calculate m(z).
5
Let i(f) be the second derivative of -f**5/20 + f**4 - 7*f**3/3 + 17*f**2 - 2*f + 35. What is i(11)?
1
Let p(y) = 2*y**2 + 42*y + 75. Suppose 62*t + 306 + 967 = -5*t. Give p(t).
-1
Let r(b) = b**2 + 2*b - 1. Let i = -406 + 382. Suppose 2*v - 3*j = 4 + 9, 5*j = 2*v - 23. Let m be (v/(-4))/((-3)/i). Give r(m).
7
Let x(s) = -7*s**2 + 16*s - 32. Let z(g) = -3*g**2 + g - 3. Let m(h) = -x(h) + 2*z(h). Determine m(12).
2
Let g be 1467/(-135) + (-2)/15. Let a(y) = y**2 + 10*y - 7. Let t be a(g). Let c(i) = -i**2 + 6*i - 2. Determine c(t).
6
Let m(r) = 30*r**2 + r**3 - 445 + 404 - 32*r + 0*r**3. Let s be m(-31). Let n(j) = j + 13. What is n(s)?
3
Let v(s) = 7*s + 1. Let m be (1 + (-5 - -4) - (0 - -1))*1. Calculate v(m).
-6
Let b(x) = 96 + 6*x - 97 - 75 - x. Let f be b(15). Let z(j) = 11*j**3 - 2*j**2 - 2*j - 1. What is z(f)?
-12
Let y be 18/540*-3 - (-22)/20. Suppose 9 = 3*l - 0*l. Let c(o) = -2*o**2 - l*o - o + 2*o**3 + 5*o + 0*o**3. What is c(y)?
1
Let s(p) = 104*p - 22*p**2 + p**3 - 33 - 135*p + 73*p. Give s(20).
7
Suppose 0*r - 5*r = -2*f + 13, -3*r = 15. Suppose 0 = -5*b + 5*j, 4*b + 2*j + 0*j = 18. Let n(k) = 2 - 10*k - k**2 + 6*k - b*k - 9 - k. What is n(f)?
5
Let t(a) = -3*a - 9. Let o = 77 - 9. Let u = o - 62. Let y(g) = -4*g - 10. Let c(l) = u*y(l) - 7*t(l). What is c(4)?
-9
Let j(p) be the second derivative of -17*p**3/6 - 81*p**2/2 + 220*p. Calculate j(-5).
4
Let w(x) = 20*x**2 - 15*x + 8. Let r(m) = 69*m**2 - 48*m + 27. Let k(h) = 2*r(h) - 7*w(h). Suppose -t = -0*t - 6. Determine k(t).
-20
Let l(t) = -4*t + 0*t + 8*t - 3*t - 9. Let w = 89 - 77. Give l(w).
3
Let i(a) = -347609 + 3*a + 347623 - 2*a. What is i(0)?
14
Let f(a) = -3*a**3 + 2*a**2 + 2*a - 4. Let h(v) = 10*v**3 - 6*v**2 - 6*v + 14. Let s(x) = -7*f(x) - 2*h(x). What is s(-4)?
-88
Suppose -5*l + 2080 = 5*d, l = -5*d + 2*d + 1244. Suppose 5*j - d = -444. Let t(g) = -2*g**2 - 7*g + 6. Give t(j).
-24
Suppose -14*h + 4 = -7*r - 12*h, -4*r - 2*h = -26. Let z(q) be the first derivative of 6 - 1/4*q**4 - 2*q**r + 5/3*q**3 - 4*q. Calculate z(4).
-4
Let r(f) = -6*f + 6. Let d(y) = -5*y + 4. Let b(q) = -5*d(q) + 4*r(q). Let i(w) = -3*w. Let c be i(-1). Suppose -8 - 7 = -5*s, c*j = -2*s + 18. Give b(j).
8
Let v(z) = -2*z**3 - 4*z**2 - 6*z + 1. Let b(h) = 2*h**3 + 4*h**2 + 5*h - 1. Let p(r) = 3*b(r) + 2*v(r). What is p(-2)?
-7
Let v(r) = 7564*r + 1 - 10*r**2 + r**2 + 8*r**2 - 7571*r. Suppose -2*i = -4 + 16. Give v(i).
7
Let s(o) be the first derivative of 16 + 1/4*o**4 - 2*o**3 + 3*o**2 + 0*o. Determine s(4).
-8
Let v(m) = 19*m - 17. Let p(o) = 8*o - 9. Let r(z) = 7*p(z) - 3*v(z). Let x(u) = -2*u**2 + 61*u - 149. Let b be x(28). What is r(b)?
-3
Let j(z) be the second derivative of z**5/20 - 7*z**4/6 + z**3/3 + 3*z**2 - 911*z. Calculate j(14).
34
Let r(c) be the third derivative of c**5/60 - c**4/8 - c**3/6 - 1390*c**2. What is r(0)?
-1
Let m(j) = -4*j**3 - 7*j**2 + 12*j + 6. Let c(t) = -5*t**3 - 9*t**2 + 14*t + 7. Let b(x) = -5*c(x) + 6*m(x). Suppose 4*i = -1 - 15. Calculate b(i).
-23
Suppose 26*p = -34 + 86. Let x(s) = -6*s**p - s**2 - s**3 + 11 - 2*s + 10*s**2 - 10. Determine x(3).
-5
Let g(v) = -v**2 - 19*v - 32. Let h be g(-17). Let s(f) = f - 2. Let c(l) = -4*l + 8. Let y(x) = h*s(x) + c(x). Let p be -5 + 2 + (0 - (-5 + -4)). Give y(p).
-8
Let w(t) be the first derivative of -2*t**3/3 - 2*t + 3509. Determine w(6).
-74
Let d(c) = 2*c + 18. Let q(i) = -23*i + 244. Let n be q(11). Determine d(n).
0
Let q(l) = -l**2 + 4*l + 2 + 6*l - 4*l. Suppose 16*s = 29 - 253. Let t be (-76)/s + (-105)/245. Calculate q(t).
7
Let w(k) = 5*k - 2. Let r(m) = 11*m - 3. Suppose -3 = 5*t - 13. Let d = -39 + 34. Let p(j) = d*w(j) + t*r(j). Calculate p(6).
-14
Suppose 53*d + c = 58*d - 2*c - 30, -c = -5*d. Let r(h) = 2*h**3 + 0*h**3 - 4*h - 1 - 3 + 3*h**2. Give r(d).
-19
Let p(r) = -r + 8435 + 2*r + 2*r + 8425 - 16887. Give p(11).
6
Let v(s) = -9*s + 27*s + 1 + 26*s**3 - 18*s. Give v(-1).
-25
Suppose -4*f + 18 = -5*w, 0 = f + 2*w - 0*w + 2. Let p(o) = o**2 + 17*o**f - 3*o + 0*o - 17*o**2 + 2. What is p(2)?
0
Let p(u) = -u**2 - 63*u - 605. Let t be p(-11). Let o(b) = 2*b + 68. W